1 - 53ca?
-53db
In base 9, what is -83143 - 1?
-83144
In base 7, what is -13 - -213301?
213255
In base 12, what is 303 - 979?
-676
In base 7, what is 0 + -154314?
-154314
In base 15, what is 2 - -6a90?
6a92
In base 4, what is -3 - 322213011?
-322213020
In base 15, what is -4 + -7b0?
-7b4
In base 3, what is -20222121020 + -11?
-20222121101
In base 7, what is -66044 - -216?
-65525
In base 16, what is -1893 - 3?
-1896
In base 14, what is 372 - 2?
370
In base 9, what is -4 + 84738?
84734
In base 15, what is -85ee + -3?
-8602
In base 8, what is 210 - -16511?
16721
In base 7, what is -4 - 25004?
-25011
In base 12, what is -2 - -149326?
149324
In base 10, what is -503 + -308?
-811
In base 15, what is -1c + -540?
-55c
In base 3, what is -211 - 10100211002?
-10100211220
In base 5, what is 401420 + 213?
402133
In base 9, what is 8213 - 348?
7754
In base 7, what is 45303 + -2?
45301
In base 12, what is 95427 - 2?
95425
In base 3, what is -120000 - -100111010?
22221010
In base 2, what is -1000001111000101 + -1101?
-1000001111010010
In base 2, what is 11001011 - 101?
11000110
In base 15, what is e0 + -2d0?
-1e0
In base 14, what is -1d5 - -138?
-9b
In base 14, what is -11b - -25cb?
24b0
In base 10, what is 85363 - -19?
85382
In base 7, what is 3 - 31402?
-31366
In base 16, what is 93 - -36d?
400
In base 14, what is -191dd + -9?
-19208
In base 2, what is 10110011010 - 10101110?
10011101100
In base 5, what is -12 - 32430?
-32442
In base 14, what is -2534 + -cb?
-2621
In base 8, what is -37 - 4501?
-4540
In base 8, what is -42 + 25666?
25624
In base 5, what is 0 - 14244440?
-14244440
In base 14, what is 66d + cb7?
1546
In base 8, what is 0 - -35610?
35610
In base 4, what is 11 + -12131?
-12120
In base 6, what is 54 + 21342?
21440
In base 13, what is -1 + 93556?
93555
In base 10, what is 3 - -673877?
673880
In base 12, what is 4 - -6106?
610a
In base 11, what is 2 + -2418?
-2416
In base 5, what is -43323 - -11?
-43312
In base 4, what is -2100 + -1233?
-3333
In base 12, what is 1046 - -3b?
1085
In base 9, what is -154 - -207?
43
In base 5, what is -1101 - -332033?
330432
In base 16, what is 53afe + -3?
53afb
In base 6, what is 534235502 + 4?
534235510
In base 4, what is -22 + -3010012?
-3010100
In base 7, what is 25255 + 534?
26122
In base 12, what is -3217 - 33?
-324a
In base 14, what is -b3d + -41?
-b80
In base 8, what is 2 + -145266?
-145264
In base 3, what is 2000011100 - 0?
2000011100
In base 5, what is 111234 + 4?
111243
In base 8, what is -1001 - 56?
-1057
In base 8, what is -1676720 - -5?
-1676713
In base 4, what is -121 + 3103011?
3102230
In base 3, what is -10000 - -20210200?
20200200
In base 7, what is 30 + -405?
-345
In base 6, what is -40200051 + -2?
-40200053
In base 8, what is -10171 + 12?
-10157
In base 3, what is 110221222 - 21202?
110200020
In base 15, what is b2 + -10e?
-4c
In base 11, what is -521 - 66a?
-1090
In base 3, what is 22011 - -12000?
111011
In base 3, what is -1120011 + -21200?
-1211211
In base 2, what is 101110101100111101 - -10?
101110101100111111
In base 2, what is 10001011101 - -10101?
10001110010
In base 12, what is -16 - -1a87?
1a71
In base 16, what is -1b5e - -50?
-1b0e
In base 16, what is 2f64 + 39?
2f9d
In base 11, what is a + -6141a?
-61410
In base 13, what is 7 - -124b75?
124b7c
In base 2, what is -1011111010101010 + 1000001?
-1011111001101001
In base 12, what is 1 - 164337?
-164336
In base 7, what is -24 - -103104?
103050
In base 8, what is -4 - -303665?
303661
In base 14, what is 3 - -29787?
2978a
In base 5, what is 3 - -2104034?
2104042
In base 3, what is 1201021201 + 1122?
1201100100
In base 13, what is 8 - -21251?
21259
In base 4, what is -331120 - -111023?
-220031
In base 8, what is 255 - -3410?
3665
In base 14, what is 13d1 - 15?
13ba
In base 16, what is -122 + 99?
-89
In base 13, what is 148 - 138?
10
In base 12, what is -664b + -2?
-6651
In base 16, what is ee9c + -1?
ee9b
In base 15, what is 4 - 1104?
-1100
In base 9, what is 6722 + 11?
6733
In base 12, what is 3 - -2595?
2598
In base 10, what is 0 - -112813?
112813
In base 8, what is -47267 - 102?
-47371
In base 11, what is 0 - -6986?
6986
In base 8, what is 1426302 + 6?
1426310
In base 9, what is -22 - 41?
-63
In base 5, what is 23 + -111044224?
-111044201
In base 12, what is -6a + 8b?
21
In base 8, what is -6147 - -1130?
-5017
In base 4, what is 1301313 + 10?
1301323
In base 14, what is 26 + -1?
25
In base 3, what is 10000122 - 11?
10000111
In base 5, what is -1321 - -4423?
3102
In base 11, what is 5 - -7179?
7183
In base 6, what is -31251050 + -4?
-31251054
In base 3, what is -10 + 201020121?
201020111
In base 14, what is -2 + 1ac385?
1ac383
In base 9, what is -211 + 408?
187
In base 2, what is 11001001100100 + -1001100?
11001000011000
In base 10, what is 6 + 86762?
86768
In base 15, what is c39 - 1?
c38
In base 7, what is 22 - 22032?
-22010
In base 3, what is 102200220 + -200111?
102000102
In base 2, what is -100101 + 1011?
-11010
In base 8, what is -1132 - 131?
-1263
In base 10, what is 63 + -310?
-247
In base 10, what is 11 - -87255?
87266
In base 7, what is 15360642 - 4?
15360635
In base 11, what is 231 - -123?
354
In base 4, what is 1 - -101010111?
101010112
In base 9, what is 72 - -4370?
4452
In base 5, what is -134210 + 30?
-134130
In base 9, what is -22 + 8058?
8036
In base 13, what is -156 + 187?
31
In base 11, what is 140358 + -2?
140356
In base 16, what is -166ac - 5?
-166b1
In base 2, what is -110 - -11001111111?
11001111001
In base 5, what is 230001 - 10?
224441
In base 16, what is -89b0 + 2?
-89ae
In base 14, what is 3 + -1107b?
-11078
In base 15, what is -633 - c?
-640
In base 8, what is 430531 + -1?
430530
In base 5, what is -3 + 441412?
441404
In base 5, what is 4231311 + -1?
4231310
In base 5, what is 4410 - -31?
4441
In base 9, what is -522 - 32?
-554
In base 7, what is -14356060 - -4?
-14356053
In base 5, what is 32114 + 210?
32324
In base 6, what is 435505 + 2?
435511
In base 14, what is 2 - -41?
43
In base 12, what is 5 + -19374?
-1936b
In base 12, what is bb4 - 233?
981
In base 2, what is -101000101000100 + 111?
-101000100111101
In base 10, what is -38 - -4174?
4136
In base 9, what is -6 - 5760?
-5766
In base 6, what is -3 + -403554?
-404001
In base 11, what is 20 + -532?
-512
In base 11, what is 27 - 33769?
-33742
In base 10, what is -5 + 25686?
25681
In base 12, what is -516b5 + 0?
-516b5
In base 13, what is -4346 - -19?
-432a
In base 8, what is 365330 - -7?
365337
In base 11, what is 43 - -203?
246
In base 6, what is -145 - -130022?
125433
In base 13, what is 31 - 1b5?
-184
In base 5, what is 12000401 - 2?
12000344
In base 4, what is 103 - -2103330?
2110033
In base 5, what is 40411 - 4313?
31043
In base 2, what is 1100100011010 - -100?
1100100011110
In base 4, what is -1 - 210220?
-210221
In base 16, what is -12 + -2a33a?
-2a34c
In base 12, what is -3 + -3783?
-3786
In base 8, what is -472 - -7?
-463
In base 14, what is -1914 - -2?
-1912
In base 3, what is -101221012 + 11?
-101221001
In base 13, what is 251 + 8a?
30b
In base 7, what is -1342000 + 3?
-1341664
In base 9, what is -28056 + -2?
-28058
In base 16, what is -c2 - -20d?
14b
In base 4, what is -31132000 + -10?
-31132010
In base 2, what is 101111101 + 11100000?
1001011101
In base 13, what is 6 - 15931c?
-159316
In base 13, what is -3 - -a2624?
a2621
In base 6, what is 1024504 - -10?
1024514
In base 7, what is 634650 + 0?
634650
In base 11, what is -1101a8 + -3?
-110200
In base 3, what is -20212211101 - 0?
-20212211101
In base 3, what is 20112 + 211022?
1001211
In base 16, what is 263 - -84?
2e7
In base 2, what is 100011010 - -11101010101111?
11101111001001
In base 13, what is -23b - 85?
-2c3
In base 11, what is -5a68 + -165?
-6122
In base 8, what is -225020 - -2?
-225016
In base 9, what is -10314 + -6?
-10321
In base 5, what is 2 - 224203?
-224201
In base 12, what is 0 + 261b66?
261b66
In base 2, what is 100010101010 + 0?
100010101010
In base 14, what is 1320 + 1?
1321
In base 2, what is 10010101111110110100 - -100?
10010101111110111000
In base 5, what is 12431041 + 13?
12431104
In base 15, what is -5a76 - -48?
-5a2d
In base 6, what is -3150 - -10541?
3351
In base 3, what is 22002221 + 20?
22010011
In base 5, what is 2 - 2420020?
-2420013
In base 14, what is c + -dc?
-d0